 the remainder when w is divided by 3?
1
Suppose 8*j + 164 = 10*j. What is the remainder when j is divided by 45?
37
Let t(h) = -h**2 + 7*h + 9. Let i be t(8). Calculate the remainder when (23 - i)/(1/2) is divided by -2*(25/(-2) + 1).
21
Suppose -2*r = 2*z + 802, 0*z + 801 = -2*r - z. Let w be ((-12)/(-10))/((-12)/r). Let f = -14 + w. What is the remainder when f is divided by 14?
12
Let g = 69 - 30. Calculate the remainder when g is divided by 4/5*245/14.
11
Suppose -2*p + 3*p = 82. Calculate the remainder when p is divided by 28.
26
Suppose 3*c - 17 = 1. Let t be 18/4 - 2/4. Suppose t*v - 5*a + 45 = 6*v, 5 = 2*v - 3*a. What is the remainder when v is divided by c?
4
Let w be (3/(-5))/((-1)/15). What is the remainder when 17 is divided by (-8)/3*w/(-4)?
5
Let v = 23 - -36. Let s = -273 - -288. Calculate the remainder when v is divided by s.
14
Let b be (-1)/(3/(-90)) - 0. Suppose 12 = -2*m + b. What is the remainder when 26 is divided by m?
8
Suppose f + 60 = 3*i + 4*f, 36 = 2*i + 3*f. What is the remainder when 69 is divided by i?
21
Let o(w) = 2*w**2 - w - 2. Let i be o(-4). Let d be (-7)/((-3)/(-9)*1). Let q = i + d. Calculate the remainder when 37 is divided by q.
11
Let p(u) = u**2 - 2*u + 7. Calculate the remainder when 65 is divided by p(5).
21
Suppose -i + 71 = -r, 0*i + 3*r + 79 = i. Suppose 5*k - i = y - 3*y, -2*y = k - 7. Calculate the remainder when k is divided by 8.
7
Let k = 43 + -8. Calculate the remainder when k is divided by 12.
11
Let h(c) = -c**3 - 7*c**2 - 4*c + 5. Calculate the remainder when h(-7) is divided by 18.
15
Let q = -10 - -15. Suppose 0*t - 39 = -3*t. Calculate the remainder when t is divided by q.
3
Let d = -11 + 16. Suppose 10 = -d*x, 2*p + 0*p - 5*x - 56 = 0. What is the remainder when 43 is divided by p?
20
Suppose 3*b - 8 = b. Suppose -3*l = 9, b*l - 24 + 93 = 3*g. What is the remainder when g is divided by 7?
5
Let s(h) = 21*h**3 - 2*h**2 + 1. Let u be s(1). Suppose 3*n = 4*m + u, -5*n + 0*m + 10 = -2*m. What is the remainder when 66*(n + 3/6) is divided by 9?
6
Let o(f) = -f**2 - 12*f - 9. Let q be o(-11). Suppose -q*z = -10, -4*g = -2*z - 1 - 161. Calculate the remainder when g is divided by 22.
21
Let p = -14 - -17. Suppose -4*z + 4*k + 16 = 0, -z = 3*z + p*k - 37. What is the remainder when 20 is divided by z?
6
Suppose 0 = 3*k - 8*k + 305. Let f = 399 - 386. What is the remainder when k is divided by f?
9
Let o(n) = n**3 - 9*n**2 + 11*n - 3. What is the remainder when o(8) is divided by 11?
10
Let g(f) = -3*f**2 - 22*f + 2. What is the remainder when 155 is divided by g(-6)?
25
Let b(n) = -1 + 3 + n**2 - 3*n - 2 + 6. Let t = 42 - 25. What is the remainder when t is divided by b(4)?
7
Let z(v) = 2*v**2 + 14*v - 40. Calculate the remainder when z(3) is divided by (0 + -11)*(-1 + 0).
9
Suppose 0*h + 2*h = 4. Suppose 0 = -2*r - 6, -5*u - 8 + 4 = -h*r. Let s(w) = 3*w**2 + 3*w + 1. What is the remainder when s(u) is divided by 4?
3
Let m(g) = g**3 - g**2 + 3*g - 5. Suppose -5*r + 3*r = -2*w + 4, -25 = -5*r - 2*w. Calculate the remainder when 63 is divided by m(r).
19
Suppose 2*u = c + 26, 81 - 30 = 5*u + c. Let i = 80 + -39. Calculate the remainder when i is divided by u.
8
Calculate the remainder when 61 is divided by 272/(-85)*(-5 - 0).
13
Let s = -27 - -62. Calculate the remainder when s is divided by 19.
16
Suppose 2 = k, c = -0*c - 2*k + 14. Let l = -5 + 9. What is the remainder when c is divided by l?
2
Let x(a) = 3*a - 7. Suppose z + 5*q = -1, 4*z - 5*z + 7 = q. Let b = z - 6. What is the remainder when x(5) is divided by b?
2
Let c = -11 + 52. Calculate the remainder when (c*2)/(5 + -3) is divided by 11.
8
Let q = -6 - -16. What is the remainder when q is divided by 3?
1
Let r = 45 + -38. What is the remainder when 66 is divided by r?
3
Let j(r) = -r**2 - 6*r + 5. What is the remainder when 76 is divided by j(-4)?
11
Let j be (-2)/11 + 114/22. Suppose 0 = 3*q - j*q + 8. What is the remainder when q is divided by ((-9)/(-6))/((-3)/(-4))?
0
Let z(k) = k**3 + 3*k**2 - 1. Suppose -2*t = -1 - 49. Suppose 3*x - t = -8*d + 3*d, -d + 5 = -x. What is the remainder when d is divided by z(-2)?
2
Suppose 2*l = 1 + 7. Suppose l = -m + 2, -b + m + 5 = 0. Suppose -32 = -b*q + j, 0 = -2*q - q + 5*j + 40. What is the remainder when q is divided by 4?
2
Suppose 5*m + 4*w - 128 = -0*w, -3*w = -5*m + 149. What is the remainder when 82 is divided by m?
26
Let k be 6*(1 + 1)/4. Suppose -3*j = -k*w + 45 + 42, 4*w - j = 125. Suppose r - 1 - 10 = 0. Calculate the remainder when w is divided by r.
10
Suppose -5*p + 20 + 9 = -4*o, -2*p = 2*o - 8. Calculate the remainder when 1 + o - (-63 + 8) is divided by 28.
27
Let m = -65 - -70. Calculate the remainder when 34 is divided by m.
4
Suppose 3 = 3*b, b + 0*b = 5*a - 29. Suppose -m + 18 = -a. Calculate the remainder when m is divided by 2/8 + 102/8.
11
Let n(c) = -3*c - 11. Calculate the remainder when 33 is divided by n(-6).
5
Let p(d) = d + 4. Suppose -4*h = h + 5. Let s = -4 - h. Calculate the remainder when 3 is divided by p(s).
0
What is the remainder when 77 + (-6)/(-10) + 35/25 is divided by 16?
15
Suppose 5*u + 22 = 5*c - 23, -5*c = 5*u - 5. Let o(w) = -w**3 - 2*w**2 + 4*w - 4. Calculate the remainder when 33 is divided by o(u).
9
Let i = 16 + -14. Suppose i*n - 3 = 15. What is the remainder when 25 is divided by n?
7
Let p = -19 - -28. Let h = -6 + 9. Calculate the remainder when p is divided by h.
0
Let m(r) = -r**2 - 13*r - 15. Let o be m(-11). Suppose 11 + o = 3*t. Calculate the remainder when 11 is divided by t.
5
Suppose -4*q = -5*o + 5, -7 = 2*o - 5*q + 8. Suppose 0 = -0*f + o*f - 315. Calculate the remainder when f is divided by 22.
19
Suppose -378 = 3*i - 12*i. Calculate the remainder when i is divided by 22.
20
Let i be (-33)/12 - 4/16. Calculate the remainder when 41 is divided by i/(6/(-26)) + 1.
13
Suppose 0 = 4*l + j + j - 218, 3 = j. Let t be 4/10 + 158/5. Let c = l - t. Calculate the remainder when c is divided by 11.
10
Suppose g - 10 + 4 = 0. Calculate the remainder when 10 is divided by g.
4
Let x = 46 + -27. Suppose 121 = 2*c + x. What is the remainder when c is divided by 13?
12
Let j = 310 - 187. Calculate the remainder when j is divided by 42.
39
Let a = -1 + 13. Let m(i) = -5*i - 59. Calculate the remainder when m(-21) is divided by a.
10
What is the remainder when 30 is divided by (-322)/(-35) + (2 - 11/5)?
3
Let u(q) = -39*q. What is the remainder when u(-1) is divided by 14?
11
Let u = -7 + 11. Let w = -29 - -38. What is the remainder when w is divided by u?
1
Suppose -3*s - 4*r = -112, s + 4*s - 140 = 5*r. Let n = s - -27. Calculate the remainder when n is divided by 15.
14
Let v be 1 - (-4 + 1) - -92. Let j = 163 - v. Calculate the remainder when j is divided by 23.
21
Suppose -7*l + 6 = -8*l. Calculate the remainder when 46 is divided by ((-16)/l)/((-1)/(-9)).
22
Let l = 11 + 49. Calculate the remainder when l is divided by 21.
18
Suppose 45*u - 12*u - 99 = 0. What is the remainder when (-18)/(-4) + 1/2 is divided by u?
2
Suppose 39 + 23 = 2*q. What is the remainder when q is divided by 11?
9
Suppose -5*m + 4*d + 19 = -98, 0 = -5*m - 4*d + 93. Calculate the remainder when 102 is divided by m.
18
Let s = -48 + 64. Calculate the remainder when 62 is divided by s.
14
What is the remainder when (1240/(-6))/(-5)*(1 - -2) is divided by 32?
28
Let u(r) = 13*r**2 + r. Let w be u(-1). Let y(c) = -c**2 + 13*c - 4. Calculate the remainder when 30 is divided by y(w).
6
Let n = 138 + -116. Calculate the remainder when 24 is divided by n.
2
Let i(g) = -1 + 4*g**2 - 1 + 2. Calculate the remainder when i(2) is divided by 6.
4
Let p = -93 - -173. Let g(r) = -r**3 + 3*r + 1. Let t be g(-2). Suppose 0 = -s + t*s - p. What is the remainder when s is divided by 14?
12
Let x be 9*1 - (1 - -1). Let i(p) = 2*p + 0*p**2 - p**2 + x*p. What is the remainder when 27 is divided by i(7)?
13
Let t(a) = 3*a - 60. Calculate the remainder when 105 is divided by t(24).
9
Suppose -4*g + 80 = 2*a, -5*a - 2*g + 4*g + 152 = 0. Let j(w) = w**2 - 14*w - 4. What is the remainder when a is divided by j(15)?
10
Let v be 27 + 1 + -3 - 1. What is the remainder when v/8 + 1 + 7 is divided by 4?
3
Let b = 24 - -2. Calculate the remainder when 49 is divided by b.
23
Suppose 0 = -4*